. What is the units digit of 6/(i + -2) + 0?
2
Suppose 3*y - 4*t - 29 = 0, -2*y + y = t + 2. Let n be y*((-80)/6)/4. What is the tens digit of (n/3)/((-1)/3)?
1
Let y(x) = 15 - 15*x**2 + 3*x**2 + 45*x**3 - 46*x**3. What is the tens digit of y(-12)?
1
Suppose -10 + 178 = 4*c. What is the tens digit of c?
4
Suppose 0 = -2*w + 2*z + 62, -2*z - 2*z = 5*w - 191. Suppose 5*d - 76 = d. Let s = w - d. What is the units digit of s?
6
Let f(m) = m**2. Let u(w) = -3*w**2 + w - 3. Let n(k) = 4*f(k) + u(k). What is the units digit of n(3)?
9
Let u be -2 + (-4)/((-12)/39). Let y = u + -10. What is the units digit of y?
1
Suppose 0*r + 5*o + 9 = 2*r, 4*r - 3*o - 25 = 0. What is the units digit of r?
7
Let d(t) = t**2 + 9*t + 6. Let l be d(-9). Suppose -225 = -11*o + l*o. What is the tens digit of o?
4
Suppose -9 = x + 2*x. Let k(q) = q**3 + 2*q**2 - 3*q + 3. Let u be k(x). Suppose 20 = u*z + 2*z. What is the units digit of z?
4
Let j be (6 + -2)/(-1) + 2. Let q be ((-14)/3)/(j/3). Suppose -5*c + 23 = -l + 2*l, 3*l = 4*c - q. What is the units digit of l?
3
Let h be 2 + -6 + 2 + 0. Suppose -73 = -4*j + 11. What is the units digit of j*(1*h)/(-6)?
7
Let g be (-14)/63 - (-2)/9. What is the units digit of (3 - g - -33)*1?
6
Suppose 51*w - 56*w = -850. What is the tens digit of w?
7
Let j(d) = 5*d**3 - d**2 + 1. Suppose -2*h + 2*y = -18, -3*h - y + 3 = -2*h. Suppose 3*b + h = -4*m + b, -3*b = -2*m + 17. What is the units digit of j(m)?
5
Let o(l) = 2*l**3 - 5*l**2 + 5*l - 6. What is the tens digit of o(4)?
6
Let b(q) be the first derivative of 4*q - 1 + 3/2*q**2. What is the units digit of b(4)?
6
Suppose -w + 2*w = 20. Suppose 2*t - w = u - 3*u, -2*u + t = -8. Suppose -l + 9 = -u. What is the tens digit of l?
1
Let m(p) = p**3 - 4*p**2 + 3*p - 1. Let o be m(2). Let i be (1 + 2 + o)/2. What is the units digit of (-15)/(-5) + (-1 - i)?
2
Suppose l - 56 + 20 = 0. Suppose a - 2*a = -l. What is the tens digit of a?
3
Let u(c) = -c**2 - 7*c - 1. Let j be u(-7). Let y be (j*3)/(9/(-24)). What is the tens digit of 2/y - (-86)/8?
1
Suppose 24 = r + 2*r. Let i(g) = -g**2 + 6*g - 4. Let x be i(6). Let b = r + x. What is the units digit of b?
4
Let k = 2 - -35. What is the tens digit of k?
3
Suppose 0 = 4*u - 52 + 4. What is the units digit of u?
2
Suppose 4*k - 71 = h, h - 5*h = 12. What is the tens digit of k?
1
Let t(o) = -o - 4. Let j be t(-6). Let d be (-2)/(-6) + j/(-6). Suppose d*x + 33 = 3*x. What is the tens digit of x?
1
Let b(d) = -2*d. Suppose -6 = -2*w + 2*q, 5*q = -33 + 8. Let n be b(w). Suppose 2*p = n*v + 3*p - 44, 0 = v + 3*p - 22. What is the units digit of v?
0
Let m be 3/6*2/1. Let x(b) = 3*b**2 + 1. What is the units digit of x(m)?
4
Let y(j) = j + 5. Let q be y(0). Suppose 84 = -i + q*i. What is the units digit of i?
1
Let g = 13 - 39. Let h = -12 - g. What is the units digit of h?
4
Suppose 0*k - 65 = -k - 5*x, 0 = -4*k - x + 165. What is the tens digit of k?
4
Suppose -4*s - 8 = 0, -k - s = s + 2. Let f = 5 - k. What is the units digit of f?
3
Let l(j) be the second derivative of 5*j**4/12 + j**2/2 + 3*j. Let o be l(2). Suppose -5*i = -5*b - 20, 5*b - 49 - o = -5*i. What is the units digit of i?
9
Let i = -17 - -55. What is the units digit of i?
8
Let r(g) = -g**3 + 12*g**2 + 14. What is the units digit of r(12)?
4
Suppose -4*i + 17 = 5. Let o = i - -6. Suppose k + q + q = 3, -3*k + 5*q = -o. What is the units digit of k?
3
Suppose -j = 5*j - 78. What is the units digit of j?
3
Let j(w) = 35*w**3 + 2*w**2 - w. What is the tens digit of j(1)?
3
Suppose -5*s + 2*g + 13 = 0, -g = -4*s + 3*g + 8. Suppose -s*y + 14 = 5. Suppose -4 = -y*o + c, 0*c - 2*c + 7 = -o. What is the units digit of o?
3
Suppose -4*x + 2 + 101 = -5*g, -25 = -5*g. What is the units digit of x?
2
Let c(h) = -h**2 - 3*h - 4. Let p(t) = -t**2 - 2*t - 5. Let v(s) = -6*c(s) + 5*p(s). Let l be v(-7). Let y = l - -13. What is the units digit of y?
5
Let a = 4 + -4. Suppose a*w + 28 = -2*w. What is the units digit of w/(-4) - 1/2?
3
Let j = -68 + 110. What is the tens digit of j?
4
Suppose 0 = 5*n - 3*n + 8, 0 = -3*h + 4*n + 226. What is the units digit of h?
0
Suppose 122 = 5*f + 2*l - 28, 3*l - 155 = -5*f. What is the tens digit of f?
2
Let z(d) = -d**2 + 7*d + 3. Let g(q) = 5*q - 3. Let t be g(2). Let j be z(t). Let r = j + 2. What is the units digit of r?
5
Suppose -3*s + 299 - 62 = 0. Suppose 0 = 4*x - 21 - s. What is the tens digit of x?
2
Let i(x) = 8*x**2 + x. Let g be i(-2). Suppose -g = -5*b + a, b + 5*a - 4 = 4*b. What is the units digit of b?
7
Suppose 0 = 3*b - 19 - 53. What is the units digit of (-1 - 6)*b/(-28)?
6
Let c(l) = -l**2 - 6*l - 6. Let f be c(-4). Let r = 9 - 8. Suppose -f*w + 25 = r. What is the tens digit of w?
1
Let k = -35 + 103. What is the tens digit of k?
6
Let u = 4 - -1. Suppose z = u + 6. Suppose 4*n + 4*o = -2 + 38, o = n - z. What is the units digit of n?
0
Let q(h) = 4*h**2 - h + 3. What is the units digit of q(3)?
6
Let d be 2/(-5) + (-16)/10. Suppose -3*s - 38 = 2*z, -4*s + 65 = -9*s - 5*z. Let p = d - s. What is the units digit of p?
0
Suppose -3315 = -6*f - 7*f. What is the tens digit of f?
5
Suppose v + 0*v - k - 25 = 0, -118 = -4*v - 2*k. What is the units digit of v?
8
Suppose 5*o = -2*a + 8, -2*a + 8 + 0 = 3*o. Suppose -z + i + 7 = -0*i, a*z = 3*i + 31. What is the tens digit of z?
1
Suppose 4*q + 356 = 2*h, 3*h = 5*q - q + 542. What is the tens digit of h?
8
Let u be (9/(-6))/(3/(-82)). Let s = -12 + u. What is the units digit of s?
9
Suppose 4*z + 0*t = -4*t + 140, -2*t - 85 = -3*z. What is the units digit of z?
1
Let g be 18 - (1 - (0 - 0)). Suppose 10*v = 13*v - 15. Suppose -v*r + 63 = -g. What is the units digit of r?
6
Let b = -31 - -58. What is the units digit of b?
7
Suppose -2*b - 5*g = 37, 7 = 3*b - g + 37. Let f = b + -5. What is the units digit of (-2)/((f/14)/4)?
7
Let h = -42 + 61. What is the tens digit of h?
1
Suppose -294 + 57 = -5*z + 3*u, 4*u = 4. What is the tens digit of z?
4
What is the units digit of (-8)/12 + (-7)/((-42)/652)?
8
Let r be 68/3 - 2/(-6). Suppose 2*g + z = 64, 5*z = g - 9 - r. What is the tens digit of g?
3
Let n(f) = 8*f - 15. Let k(j) = 12*j - 22. Let d(c) = 5*k(c) - 7*n(c). Suppose 0 = -0*o - 3*o + r + 12, -o = -5*r - 4. What is the tens digit of d(o)?
1
Let a = 116 + -73. What is the units digit of a?
3
Suppose 8*u - 762 = 5*u + 3*l, -10 = 5*l. What is the units digit of u?
2
What is the tens digit of 1 - -4 - 2646/(-18)?
5
Let k be (-12)/(-18)*45/2. Suppose 0 = 2*x + 2*r - 48, 2*x - 28 - k = -r. Suppose x = 2*h + 3*n, 5*n - n - 22 = -2*h. What is the units digit of h?
5
Let v(f) = f. Let c be v(-1). Suppose -3*h - o + 3 = h, 4*o = h - 22. Let d = h + c. What is the units digit of d?
1
Suppose -17*w - 484 = -21*w. What is the units digit of w?
1
Let h = 3 + 0. Suppose 3*t + 11 = 4*y, t - 32 = -h*t - 4*y. Suppose -s + 15 = 4*z - 18, 4*z - t*s = 45. What is the units digit of z?
9
Let b be 1/((6/(-21))/(-2)). Let u(s) = 3 - s + 3*s - s. What is the units digit of u(b)?
0
Let q(m) = -m**3 - 5*m**2 + 4*m + 7. Let j be q(-5). Suppose -t + 132 = 3*t. Let k = t + j. What is the units digit of k?
0
Suppose f = -0*f + 3. Suppose -3*q + 5*w - 21 = 0, -q + 1 + 3 = 2*w. Let h = q + f. What is the units digit of h?
1
Let v(y) = y**3 - 10*y**2 + 14*y + 21. What is the tens digit of v(11)?
9
Let a(k) = 19*k - 3. What is the tens digit of a(3)?
5
Let m(o) = o**3 + o**2 + 2*o + 8. What is the units digit of m(0)?
8
Let l(r) = -2*r + 1. Let y be l(-1). Suppose 0*j + y = j. Suppose 5 + j = -2*b - 5*z, 2*b = 2*z + 20. What is the units digit of b?
6
Let v = -69 + 101. Suppose 4*s - 2*s = -5*d + 24, 2*s - 3*d + 8 = 0. Suppose -s*j = x - v, 0*x = x - 2. What is the tens digit of j?
1
Let w = 29 + 16. Let f = -76 + w. Let d = -15 - f. What is the units digit of d?
6
Let s(h) = -h - 6. Let g be s(-3). What is the units digit of 18 - (3 + -1) - g?
9
Suppose -4*u = 5*j - 27, 0*j - 3*u = j - 12. Suppose j*s - 5*s = -26. What is the tens digit of s?
1
Let s(p) = p**2 + 14*p - 8. Let g(f) = -f**3 + 17*f**2 - 15. Let j be g(17). What is the units digit of s(j)?
7
Let r(q) be the second derivative of 5*q**3/6 - 13*q**2/2 - 2*q. Let x(w) = -2*w + 7. Let c(m) = -4*r(m) - 9*x(m). What is the units digit of c(-8)?
5
Let j = -22 - -43.